or of 76952812?
True
Is 439 a factor of 19422677?
True
Does 2 divide 22199822?
True
Is 1236 a factor of 2328624?
True
Does 85 divide 120730079?
False
Does 333 divide 164880611?
False
Does 1578 divide 98797747?
False
Is 162112648 a multiple of 59?
True
Is 17 a factor of 27447639?
True
Is 16 a factor of 41764032?
True
Is 16 a factor of 2922576?
True
Does 186 divide 114139479?
False
Is 28085960 a multiple of 140?
True
Does 5 divide 763464?
False
Does 89 divide 38148960?
True
Does 4 divide 29507104?
True
Is 58332170 a multiple of 6110?
True
Is 178 a factor of 2201363422?
False
Is 16 a factor of 216305936?
True
Is 42 a factor of 1004336?
False
Is 7 a factor of 5621961?
False
Is 15480957 a multiple of 1088?
False
Is 557 a factor of 508857169?
False
Does 3 divide 14267100?
True
Is 2735 a factor of 63524758?
False
Does 22 divide 2806898572?
False
Is 10712164 a multiple of 41?
False
Is 24377861 a multiple of 157?
True
Does 13 divide 672770921?
False
Does 4 divide 40468233?
False
Is 641 a factor of 10680948?
False
Is 2147 a factor of 2152789773?
False
Does 696 divide 147932712?
True
Is 66118525 a multiple of 3040?
False
Is 1342046267 a multiple of 22?
False
Is 22883733 a multiple of 489?
True
Does 19 divide 1089351244?
True
Is 10258356 a multiple of 17?
False
Is 3016727901 a multiple of 1143?
True
Does 15 divide 219137085?
True
Is 2870 a factor of 345697534?
False
Is 547 a factor of 57362796?
True
Is 1588 a factor of 622441223?
False
Does 7 divide 1550228554?
True
Is 131 a factor of 67491069?
True
Is 40925552 a multiple of 2701?
True
Is 1024482400 a multiple of 1755?
False
Is 1651082 a multiple of 19?
False
Is 278838197 a multiple of 68?
False
Is 80 a factor of 164154689?
False
Is 429731322 a multiple of 19?
True
Does 62 divide 15902980?
False
Does 55 divide 338795875?
True
Is 22 a factor of 2181162522?
True
Is 1680968989 a multiple of 74?
False
Is 126681182 a multiple of 540?
False
Does 4305 divide 2080640643?
False
Does 77 divide 178475605?
True
Is 1338 a factor of 125517780?
True
Is 7577 a factor of 2648949508?
True
Is 9 a factor of 2242763672?
False
Is 953 a factor of 151727130?
True
Is 1964 a factor of 1208822656?
False
Does 32 divide 14681683?
False
Is 24756294 a multiple of 76?
False
Is 466 a factor of 777229908?
False
Is 314234604 a multiple of 18?
True
Is 475954193 a multiple of 1859?
True
Is 160 a factor of 48640320?
True
Is 38808765 a multiple of 17?
False
Is 3168950996 a multiple of 5438?
True
Does 58 divide 5336157354?
True
Is 318265915 a multiple of 11?
True
Is 51241575 a multiple of 285?
True
Does 1241 divide 184997167?
False
Does 418 divide 2996420878?
True
Is 828 a factor of 30618132?
False
Is 70 a factor of 32612020?
True
Does 10 divide 1160510982?
False
Is 53192754 a multiple of 666?
True
Is 7 a factor of 303506727?
False
Is 2000460 a multiple of 385?
True
Is 312648616 a multiple of 2009?
True
Does 4307 divide 355680674?
True
Is 9572 a factor of 2880298?
False
Does 306 divide 43574706?
True
Does 38 divide 98205363?
False
Is 3837763465 a multiple of 12?
False
Does 1231 divide 81412543?
False
Does 2788 divide 62183603?
False
Is 50782435 a multiple of 18?
False
Is 3408 a factor of 93600720?
True
Is 1264 a factor of 963917515?
False
Is 4205069 a multiple of 12?
False
Is 8760332 a multiple of 446?
True
Does 22 divide 308232977?
False
Is 779 a factor of 12403993?
False
Is 72825460 a multiple of 1220?
True
Is 21328349 a multiple of 7?
True
Is 468 a factor of 24568596?
True
Is 23602692 a multiple of 78?
False
Is 9028687 a multiple of 63?
False
Does 1527 divide 535808165?
False
Is 14 a factor of 130518352?
False
Is 796266762 a multiple of 23?
True
Is 365208588 a multiple of 54?
True
Is 75 a factor of 164134184?
False
Does 38 divide 41693567?
False
Does 2567 divide 504176769?
True
Is 153012066 a multiple of 6?
True
Is 232262640 a multiple of 216?
True
Is 85301030 a multiple of 3401?
False
Is 9 a factor of 54525203?
False
Does 7 divide 1377757802?
False
Is 652952432 a multiple of 3184?
True
Is 296650140 a multiple of 714?
False
Does 83 divide 18173763?
True
Does 8 divide 140625504?
True
Is 13 a factor of 240119074?
True
Does 911 divide 39936418?
True
Is 6322 a factor of 397141718?
True
Is 464109913 a multiple of 287?
False
Is 407332438 a multiple of 23?
True
Is 111006346 a multiple of 280?
False
Is 304543628 a multiple of 31?
True
Is 324869005 a multiple of 6?
False
Is 159041141 a multiple of 553?
True
Is 559050136 a multiple of 73?
False
Is 131 a factor of 2864023847?
False
Is 56 a factor of 956459224?
True
Is 2084203 a multiple of 3?
False
Is 30912486 a multiple of 66?
True
Is 11376590 a multiple of 6?
False
Is 2091 a factor of 610712223?
False
Does 581 divide 4079985716?
False
Does 2 divide 151950309?
False
Is 189576387 a multiple of 2607?
False
Is 3 a factor of 23651577?
True
Is 471390400 a multiple of 6550?
True
Is 194356716 a multiple of 17?
True
Is 48 a factor of 82177680?
True
Does 50 divide 426941147?
False
Does 2 divide 170118502?
True
Is 12333360 a multiple of 201?
True
Is 1048 a factor of 2773867360?
True
Is 156864 a multiple of 2?
True
Does 937 divide 8691612?
True
Is 2273 a factor of 170063587?
True
Does 52 divide 1063567637?
False
Does 8 divide 132468186?
False
Is 87128145 a multiple of 255?
True
Is 58502890 a multiple of 887?
False
Does 1849 divide 3359723519?
False
Is 72428154 a multiple of 582?
True
Does 9 divide 95704283?
False
Is 17 a factor of 53728944?
False
Is 214 a factor of 741708894?
False
Is 78582652 a multiple of 274?
True
Does 17 divide 1824437336?
False
Does 256 divide 1954860544?
True
Is 4817730673 a multiple of 10335?
False
Is 398350430 a multiple of 136?
False
Does 220 divide 51885538?
False
Is 53849140 a multiple of 13?
False
Is 28 a factor of 143780140?
True
Is 110189470 a multiple of 26?
False
Is 7 a factor of 85236772?
False
Is 95678724 a multiple of 1007?
False
Is 405 a factor of 7758732?
False
Does 1267 divide 39943442?
True
Does 56 divide 11492712?
True
Is 141100400 a multiple of 2934?
False
Is 10 a factor of 10568070?
True
Is 144278156 a multiple of 517?
True
Is 604 a factor of 179845228?
True
Does 575 divide 408308292?
False
Is 1415989800 a multiple of 900?
True
Is 482733445 a multiple of 15?
False
Does 82 divide 21243494?
True
Is 3959 a factor of 32009535?
False
Is 39 a factor of 3491514?
True
Is 81520319 a multiple of 100?
False
Is 719414 a multiple of 36?
False
Is 537 a factor of 80509188?
True
Is 797 a factor of 25998937?
True
Is 23346168 a multiple of 34?
True
Is 13 a factor of 392733839?
False
Is 153 a factor of 9960453?
True
Is 21 a factor of 38809991?
False
Does 919 divide 28368299?
False
Does 23 divide 67620874?
True
Does 29 divide 9290962?
True
Does 1200 divide 45586800?
True
Is 423 a factor of 163272924?
True
Does 1868 divide 805207755?
False
Does 26 divide 3661423150?
False
Is 1720 a factor of 182706246?
False
Does 24 divide 1503528624?
True
Is 400 a factor of 284002000?
True
Is 1513 a factor of 24030979?
True
Is 3655602200 a multiple of 14?
False
Is 1879 a factor of 10363174?
False
Is 5126606552 a multiple of 12446?
False
Does 11 divide 472177501?
False
Is 262605510 a multiple of 135?
True
Is 157 a factor of 20565116?
True
Is 775 a factor of 891294950?
True
Is 984340128 a multiple of 28?
False
Is 1307 a factor of 702055140?
False
Is 1418 a factor of 2154865118?
True
Does 16 divide 597642148?
False
Is 512464624 a multiple of 5741?
True
Is 293 a factor of 2975095?
False
Is 1776 a factor of 60497664?
True
Does 46 divide 62838530?
True
Is 565 a factor of 3897849?
False
Is 119 a factor of 307567162?
True
Is 1334673984 a multiple of 41?
True
Is 6991150 a multiple of 77?
False
Does 286 divide 8191268?
False
Is 199 a factor of 1733688?
True
Is 1779 a factor of 20577912?
False
Is 111 a factor of 2205378747?
True
Is 80246127 a multiple of 27?
False
Is 230694216 a multiple of 102?
True
Does 18 divide 38008552?
False
Is 107660040 a multiple of 1916?
True
Is 2516 a factor of 1832810392?
True
Is 9957247 a multiple of 237?
False
Is 169532512 a multiple of 975?
False
Is 113 a factor of 799326970?
True
Does 3090 divide 4432606562?
False
Is 495 a factor of 79321123?
False
Is 7959193 a multiple of 11?
True
Does 915 divide 22774674?
False
Does 9 divide 297769212?
True
Is 113380277 a multiple of 220?
False
